be 177*(3 + 16/(-6)). Suppose -w = -3*m + 58. What is the tens digit of m?
3
Let g(a) be the second derivative of -1/6*a**3 + 1/3*a**4 + 0 - 2*a - 1/2*a**2. What is the units digit of g(-1)?
4
Suppose -5*g + 701 - 231 = 0. What is the tens digit of g?
9
Let w = 13 - 9. Suppose -48 + w = -4*x. What is the units digit of x?
1
Suppose 4*m + 0*m = -2*z + 38, -2 = 2*z. Suppose n + 2*y + 10 = 2*n, n - 3*y = m. Let h = 27 - n. What is the units digit of h?
7
Let c be (-3 - -4)/(2/2). Let x(o) = 9*o - 1. What is the units digit of x(c)?
8
Suppose 0 = 3*u + u - 24. Suppose 2*m - u = -m. Suppose m*s = -s + 24. What is the units digit of s?
8
Suppose 5*b - 42 + 2 = 0. Let a(x) = 6*x + 4. What is the units digit of a(b)?
2
Let j be -2*3/2 - -11. Let h be (2/(-6))/((-2)/(-6)). What is the units digit of (h - (1 + -4)) + j?
0
Suppose 0*i + 7 = i + 4*p, 5*i - 4*p = -13. Let c be 3/(i*6)*14. Let t = 12 + c. What is the units digit of t?
5
Suppose -1 = -s - 4. Let v be (-8 - s)*(-6)/10. Let d = v - 2. What is the units digit of d?
1
Let w(u) = u**3 + 10*u**2 - 9*u + 15. Let g be w(-11). Let t(n) = n + 11. What is the units digit of t(g)?
4
Suppose 21 = -5*w + 36. Let j(t) = -t**3 + 3*t - 4*t**2 + t**3 + 4 + t**3. What is the units digit of j(w)?
4
Let q(v) = v + 7. Let o be q(-3). Let a(i) = 8*i - 1. What is the units digit of a(o)?
1
Suppose 2*v = v - 7. Let n be -14 - -1 - (0 + -2). Let i = v - n. What is the units digit of i?
4
Let w be (5 - 2) + (-3)/1. Suppose 3*t + y + 0*y - 47 = w, 4*y = 2*t - 22. What is the tens digit of t?
1
Let w = 1 + 9. What is the units digit of 51/7 - w/35?
7
Suppose 3*d - 4*u = -5*u - 5, 10 = -2*d - 2*u. Let q(k) = k - 1. Let t be q(0). Let l = d - t. What is the units digit of l?
1
Let u = 319 - 220. What is the tens digit of u?
9
Suppose 2*h - h - 26 = 0. Let d = -4 + h. What is the tens digit of d?
2
Suppose 73 = -5*p + 6*p. What is the units digit of p?
3
Suppose h - 5*d - 56 = -0*h, h + 5*d - 16 = 0. Let w = 60 - h. What is the units digit of w?
4
Let t be (1 + 9)/(4/8). Let g be (-1)/(-1) - t/2. Let x = -6 - g. What is the units digit of x?
3
Let k(n) = -n**2 - 6*n - 6. Let m be k(-3). Suppose m*z = -2*z + 25. What is the units digit of z?
5
Suppose 4*d = -0*d + 3*w + 104, -4*d - w + 88 = 0. Suppose -13 - d = -4*i. What is the units digit of i?
9
Let z(t) = t - 2*t - t + 5. What is the units digit of z(-5)?
5
Let r be 10/25 - (-26)/10. Suppose r*p - 8*p + 55 = 0. What is the units digit of p?
1
Let k = 6 - 7. Let d(i) = 5 + 1 - 5 + 3*i**2. What is the units digit of d(k)?
4
Suppose 0*z + 4*z = -3*q, -2*q + 3*z = 0. Let k be (q - 1) + -1 + 0. Let u(a) = -a - 1. What is the units digit of u(k)?
1
Let c(m) be the first derivative of m**2/2 + 9*m - 6. Let f(o) = -o**2 - 7*o - 6. Let w be f(-6). What is the units digit of c(w)?
9
Let j = 10 + -3. Let y(d) = -d**3 - d**2 + j - d + d**2. What is the units digit of y(0)?
7
Let b(v) = v**3 - 11*v**2 + 2*v + 3. What is the tens digit of b(11)?
2
What is the tens digit of (-12)/(-15)*225/6?
3
Suppose 2*r - 4*h - 32 = 0, 3*h + 16 + 78 = 5*r. Let w = r - -2. What is the tens digit of w?
2
Let i = 136 - 93. What is the tens digit of i?
4
Suppose -125 = -4*w + 211. What is the tens digit of w?
8
Let q(t) be the third derivative of 0*t + 1/6*t**3 + 0*t**4 + 1/120*t**6 + 2*t**2 + 1/12*t**5 + 0. What is the units digit of q(-5)?
1
What is the tens digit of 64 + 12/9*-3?
6
Let q(j) = j**2 + 12*j. Let b be q(-12). Suppose 0 = -2*u - b*u + 2. Let o = 10 - u. What is the units digit of o?
9
Suppose 4 + 6 = -5*s. Suppose 0 = 5*m, 2*v + 2*v - 4*m - 12 = 0. Let i = v + s. What is the units digit of i?
1
Let u(z) = 7*z - 7. What is the units digit of u(7)?
2
Suppose z = 4*z. Suppose 2*v + z*v - 8 = 0. Suppose 12 = -j + v*j. What is the units digit of j?
4
Suppose 0 = 5*b + 3*p - 57, 0 = 2*b + 5*p + 8 - 46. Suppose b = -x + 4*x. Suppose -2*n = x*n - 35. What is the units digit of n?
7
Let n = -8 + 11. Let s = n + 3. What is the units digit of s?
6
Let j = -9 + 7. Let h(o) = 2*o**2 - 1. Let y be h(j). Let u = -1 + y. What is the units digit of u?
6
Let z = 196 - 105. What is the tens digit of z?
9
Let f(o) = 2*o - 2. Let t(x) = -x + 1. Let i(b) = -6*f(b) - 11*t(b). What is the units digit of i(-2)?
3
Let r be (-3 + 4)/((-1)/9). What is the units digit of 10/(-6)*(r - -6)?
5
What is the units digit of ((-24)/5 + 3)*-5?
9
Let s(b) = 2*b**2 - 15*b - 7. What is the units digit of s(10)?
3
Let p = -5 + 2. Let r = p + 8. What is the units digit of r?
5
Suppose 2*k - 5*w = 5, 5*k - 3*w + 2*w = 24. Suppose -2*g + 2*a - 22 = 5*a, -5*a - k = -3*g. Let t = g + 6. What is the units digit of t?
1
Suppose 22 - 3 = k. Let t = k - 9. What is the tens digit of t?
1
Let m be (-12)/8*(-4)/3. Suppose 2*j = -5*b + 15, m*j + 2*b + 0 = 12. Suppose -5*a + j*i = -45, -i + 2*i = -5. What is the units digit of a?
4
Suppose 2*j - 3*a = 9, -2*j + 6 = -2*a - 4. Let s = -1 + j. Suppose -25 = -3*y - 2*p - 0*p, -35 = -s*y - 5*p. What is the tens digit of y?
1
Let h(y) = y**2 - y. Let v(o) = 14*o**2 - 7*o. Let c(t) = -21*h(t) + 3*v(t). What is the tens digit of c(1)?
2
Let w(a) = a - 1. Let y be w(6). Let i be 18/y - (-12)/(-20). Suppose -i*l - l = -16. What is the units digit of l?
4
Suppose -10 - 34 = -2*j. What is the tens digit of j?
2
What is the tens digit of ((-54)/(-4))/(2/12)?
8
Let r = 201 + -105. Suppose 0*j - 3*j - r = -2*f, 2*j = -4. What is the tens digit of f?
4
Let t = 3 - 1. What is the tens digit of 4/6*51/t?
1
Suppose -8 = -6*f + 2*f. Suppose 22 = 4*z - f*z. What is the units digit of z?
1
Let k(d) = -d + 1. Suppose o = 5*x + 3 + 28, -x - 11 = -5*o. What is the units digit of k(x)?
7
Suppose -2*x - 6 = 2. What is the units digit of ((-14)/(-21))/(x/(-114))?
9
Let v(w) = 66*w**2 - w - 1. Let m be v(-1). What is the units digit of m/15 + (-4)/10?
4
Let f(c) = -c**2 + c + 1. Let k(p) = -5*p**2 + 6*p + 1. Let l(a) = 4*f(a) - k(a). What is the units digit of l(2)?
3
Suppose f + 5*o = 15, 3*f + 3*o - 9 = -0*o. Let x = -3 + f. Let w(y) = -y**3 - y**2 + 5*y + 2. What is the units digit of w(x)?
5
Suppose u = -u. Suppose u = 3*y + 3 - 48. What is the units digit of y?
5
Let s(z) = z**3 - 4*z**2 + z + 4. Let g be s(3). Let u = 4 - g. Suppose f - u = -0*f. What is the units digit of f?
6
Suppose -q = 2*q + 6. Let r be q/(-6) + (-46)/(-6). Suppose 3*x = 5*l + r - 54, l = 5*x + 18. What is the units digit of l?
8
Let t(q) = -3 + q**2 - 2 - q**3 - 3 + q. Let m(d) = d**3 - 2*d**2 - d + 7. Let x(s) = 3*m(s) + 2*t(s). What is the units digit of x(4)?
1
Let d(q) = -3*q - 2. Let r be -9 - -1 - 5/5. What is the tens digit of d(r)?
2
Suppose 4*r + 3*o - 166 = -r, 5*r + 4*o = 168. What is the tens digit of r?
3
Suppose 5*t + 4*y - 558 - 6 = 0, 341 = 3*t + 5*y. What is the hundreds digit of t?
1
Suppose 0 = -5*r + 9*r - 16. Suppose -4*k + r = -3*k. What is the units digit of k?
4
Suppose 3*z = -z + 8. Let n be 1/5 - z/10. Let k = n + 2. What is the units digit of k?
2
Suppose 15*w = 1439 + 1096. What is the hundreds digit of w?
1
Suppose 2*c = -25 + 73. Suppose -c = -5*l - 9. What is the units digit of l?
3
Let p(y) = -y**3 + 4*y**2 - 3*y + 3. Let i be p(3). Let c(h) = -2*h + 3. Let o be c(i). Let b(w) = 2*w**2 + 3*w + 4. What is the tens digit of b(o)?
1
Suppose -5*l + 2*z = -2*z - 1, 2 = 2*z. Let y be l/((-12)/(-9))*-16. Let k = 18 + y. What is the units digit of k?
6
Suppose -h - v = 0, 5*h + 3 = 2*v + 24. Suppose -3*t + 4*t = 3*m + 4, -h*m - 3 = 0. What is the units digit of t?
1
Suppose 0 = a + 5, 13 - 36 = -4*v - 5*a. Suppose 0 = -w - 0*m - m + v, -2*w + 14 = 4*m. What is the units digit of w?
7
Let z be -1*2*(-1)/2. Let j = z - 1. Suppose j = 5*x - 5. What is the units digit of x?
1
Let z = -52 - -80. What is the units digit of z?
8
Suppose 3*z + 6*s - 2*s = -31, s + 4 = 0. Let a(j) = -j**2 - 9*j - 4. Let y(r) = -r + 1. Let k(f) = a(f) - y(f). What is the units digit of k(z)?
0
Suppose 2*i = -x + 88, -2*x - 5*i - 88 = -3*x. What is the units digit of x?
8
Let j(l) = l**2 + 5*l + 7. Let i be j(-7). Let g = i - 7. What is the tens digit of g?
1
Suppose -5*b = -0*b - 90. Suppose 6 = -x - 0*x + s, s - b = 4*x. What is the units digit of (-14)/x + (-2)/(-4)?
4
What is the units digit of (31 - 27) + 93*1?
7
Let w(c) = 35*c + 5. Le